0?
-8bcb9
In base 14, what is 6654 - 182b?
4c27
In base 6, what is 414530102 + -3?
414530055
In base 6, what is 4 - -1320042511?
1320042515
In base 11, what is -4 - -39391368?
39391364
In base 12, what is 1b2b29b + 1?
1b2b2a0
In base 11, what is 167 - -132817?
132983
In base 15, what is -11e55 + -752?
-126a7
In base 15, what is -5 + -5aa7ba7?
-5aa7bac
In base 15, what is -1e290 - 9?
-1e299
In base 6, what is -5425100 + -201?
-5425301
In base 8, what is -235367 + 1776?
-233371
In base 4, what is -1212011 + -13122?
-1231133
In base 2, what is -101 + -1000110110101000110100?
-1000110110101000111001
In base 9, what is 1 - -7870122?
7870123
In base 8, what is -274727 + 162?
-274545
In base 16, what is -2 - -1727df6?
1727df4
In base 10, what is 4039091 - 0?
4039091
In base 10, what is -11594374 - 2?
-11594376
In base 10, what is 515 + 20782?
21297
In base 2, what is -1 + -1010110111011010010011001100?
-1010110111011010010011001101
In base 16, what is 18 + c0a63?
c0a7b
In base 10, what is 148402 + -341?
148061
In base 14, what is 15a0 - -41c?
19bc
In base 11, what is 44a - -3866?
4205
In base 15, what is -1d1d8a + 21?
-1d1d69
In base 16, what is 470 - -6e0?
b50
In base 11, what is -aa9a67a5 - 5?
-aa9a67aa
In base 2, what is -101 + -1101010100011010001000111010?
-1101010100011010001000111111
In base 7, what is 316 + -655163?
-654544
In base 2, what is -10000011011 - -11101001001000?
11011000101101
In base 5, what is 12 + 1022023211?
1022023223
In base 11, what is -12344 - 1296?
-1362a
In base 10, what is -298386 + -380?
-298766
In base 15, what is -50a1a0 + -3?
-50a1a3
In base 15, what is -595 + -9c04?
-a299
In base 5, what is -3 + -2102323341?
-2102323344
In base 4, what is 32301 - 31030010?
-30331103
In base 10, what is 2179771 - 5?
2179766
In base 12, what is -33 - 7369752?
-7369785
In base 13, what is 112 + -32b04c?
-32ac3a
In base 11, what is 19884183 + -29?
19884155
In base 12, what is -4033 - a29?
-4a60
In base 9, what is 14800 + -303?
14486
In base 4, what is -1000103 + -12032?
-1012201
In base 5, what is -10302402 + 202?
-10302200
In base 3, what is -20022122 + 11122201?
-1122221
In base 10, what is 10 - 2000108?
-2000098
In base 3, what is -102012021211200 + -1002?
-102012021212202
In base 8, what is 1060125242 - -3?
1060125245
In base 9, what is 6312 - -6604?
14016
In base 2, what is -10 + -100111100110110000000101011?
-100111100110110000000101101
In base 2, what is 1011010110001101100101000100 - 11?
1011010110001101100101000001
In base 7, what is 266623 - -2652?
302605
In base 3, what is 120002 + -12011012111011?
-12011011221002
In base 4, what is -12 - -1132202123?
1132202111
In base 12, what is -57b - 5265a?
-53019
In base 15, what is -a2 + 1c5c48?
1c5b96
In base 7, what is 21 + 613210?
613231
In base 10, what is -10 - 15174370?
-15174380
In base 6, what is -515415524201 - -3?
-515415524154
In base 2, what is 1000101 - 1000100101111001010?
-1000100101110000101
In base 16, what is 62 + -18b1bd?
-18b15b
In base 10, what is -609537320 - -4?
-609537316
In base 11, what is 33a75 + 644?
34609
In base 4, what is -120003322 + -3331?
-120013313
In base 8, what is 32161 + 172?
32353
In base 7, what is 44414406 - -3?
44414412
In base 12, what is 19a6 + -7215?
-542b
In base 8, what is 162 + -25453245?
-25453063
In base 13, what is -9 + -21071?
-2107a
In base 6, what is -1331122421 - 4?
-1331122425
In base 12, what is 67 + ab573?
ab61a
In base 5, what is 4 + -10020032422?
-10020032413
In base 10, what is 25 + -97458?
-97433
In base 3, what is -200211212112122 - 120?
-200211212120012
In base 3, what is 0 - -1010200200222221?
1010200200222221
In base 4, what is 21 - 2021323000?
-2021322313
In base 13, what is 34 - 179a0?
-17969
In base 9, what is 5373 + 6041?
12424
In base 4, what is 110102001 + 3?
110102010
In base 15, what is -a54c + -2b8?
-a815
In base 11, what is 5 - 2767371?
-2767367
In base 11, what is 242 + -a573?
-a331
In base 3, what is 120021 + 102100220?
102221011
In base 7, what is -52363 - -12101?
-40262
In base 10, what is 4956 - 8743?
-3787
In base 5, what is -1424 + 333010?
331031
In base 7, what is 13041 + 6546?
22620
In base 12, what is -715a579 - 2?
-715a57b
In base 2, what is -1110010 - -101100000111001111?
101100000101011101
In base 9, what is 0 + 80476634?
80476634
In base 5, what is -4 + 242201021233?
242201021224
In base 10, what is 116457680 - 3?
116457677
In base 15, what is -94277 + b?
-9426b
In base 8, what is 242160 + -13373?
226565
In base 6, what is 5 + 5203313140?
5203313145
In base 5, what is 22401322013 + 3?
22401322021
In base 11, what is 3a179a38 + 5?
3a179a42
In base 16, what is -41 + 614c?
610b
In base 3, what is 1 - -100000101110200?
100000101110201
In base 11, what is -12a52 - 3620?
-16572
In base 9, what is 6541747 + -8?
6541738
In base 14, what is -aa351 - 12c?
-aa47d
In base 15, what is -66 - e1318?
-e137e
In base 2, what is 110001011010001 - -1011011011?
110010110101100
In base 10, what is 31 - -1067590?
1067621
In base 7, what is 1404366 + -626?
1403440
In base 6, what is -13 - 1441401523?
-1441401540
In base 9, what is -11632 - -5530?
-5102
In base 9, what is 770 + -38234?
-37354
In base 4, what is -2 - 2023210233321?
-2023210233323
In base 5, what is 1241201 - -131244?
1423000
In base 5, what is -12033131 + -203?
-12033334
In base 3, what is -21121101211001 + -1?
-21121101211002
In base 9, what is 27700 + -558?
27131
In base 11, what is 239a - 6a6?
17a4
In base 4, what is -102102333312330 - -1?
-102102333312323
In base 4, what is -303320101 - 102?
-303320203
In base 11, what is 3011601 + -5?
30115a7
In base 7, what is -65333166 + -1?
-65333200
In base 12, what is -62391 - 99?
-6246a
In base 11, what is 75169 - -1564?
76722
In base 16, what is 7 - bf875a?
-bf8753
In base 2, what is 10 + 110000111001010110110001?
110000111001010110110011
In base 2, what is -1111100101110000 - -10000?
-1111100101100000
In base 4, what is 11022233312 - 220?
11022233032
In base 3, what is 110212012111211 + -100?
110212012111111
In base 14, what is -2 + 691675?
691673
In base 12, what is -159 - -39723?
39586
In base 9, what is 20 + -1143042?
-1143022
In base 15, what is 179ce + -161?
1786d
In base 13, what is -15b9256 - -1?
-15b9255
In base 6, what is 121551443 + 533?
121552420
In base 4, what is 10302 + 3201?
20103
In base 11, what is 1473 + 10464?
11927
In base 4, what is 133033 - -1220301?
2020000
In base 12, what is 0 + -77ba0a1?
-77ba0a1
In base 6, what is 32 + 244554323?
244554355
In base 4, what is 203331 + 10232030?
11102021
In base 3, what is -1011101110 + 12?
-1011101021
In base 16, what is -9cd264 + 3?
-9cd261
In base 8, what is 332605303 - 5?
332605276
In base 3, what is -10 - -1002022011102112?
1002022011102102
In base 14, what is -832d11 - -4?
-832d0b
In base 9, what is 1224453 - 217?
1224235
In base 11, what is 13774146 - 15?
13774131
In base 3, what is 201200200 - -10120?
201211020
In base 5, what is -233 - -412333243?
412333010
In base 13, what is -6 - 94724b?
-947254
In base 4, what is -33120 - 2311030?
-3010210
In base 8, what is -40040 - 10503?
-50543
In base 13, what is 3b6b - 21a35?
-1ab97
In base 16, what is 169003 - -12?
169015
In base 16, what is 364 + 73d0?
7734
In base 15, what is b5a70 + 25?
b5a95
In base 11, what is 657a8 + 3620?
69318
In base 11, what is 2757087a + -20?
2757085a
In base 10, what is 40203 + -894?
39309
In base 7, what is 4116211 - -433?
4116644
In base 2, what is 101101 - 101000110101110?
-101000110000001
In base 14, what is -329cb0d + 6?
-329cb07
In base 2, what is -1011010 + 1011101000111011?
1011100111100001
In base 8, what is 1 + 15051627?
15051630
In base 5, what is 3003032433 - 1032?
3003031401
In base 6, what is 3 - 11433040344?
-11433040341
In base 3, what is 100220211210 - 112022?
100220022111
In base 6, what is 4040440 + 4?
4040444
In base 7, what is 3 + 50311442?
50311445
In base 3, what is -212001020122 + -10021?
-212001100220
In base 2, what is -100010111011110110 - -1000111?
-100010111010101111
In base 8, what is 1065 - -5335655?
5336742
In base 15, what is 0 - 3b38436?
-3b38436
In base 4, what is 0 + -10131100013210?
-10131100013210
In base 10, what is 278870862 + -2?
278870860
In base 14, what is c - -48d56b3?
48d56c1
In base 15, what is 405 - bce?
-7c9
In base 5